+ u. Does 4 divide z?
False
Let a = -10 - -5. Let l = a - -3. Is (-1)/(l - 81/(-41)) a multiple of 15?
False
Suppose 0 = -3*f - 2*f - 75. Let x = f - -25. Does 3 divide x?
False
Suppose -132*v + 130*v = -134. Does 22 divide v?
False
Suppose -2*u = -h + 137, 2*u - u = 2*h - 286. Is h a multiple of 5?
True
Let m = 31 - 18. Does 13 divide m?
True
Let j be 12*1/((-4)/(-13)). Let o = j - 3. Suppose 4*z + 3*h - o = -h, 0 = -2*z - 3*h + 19. Does 3 divide z?
False
Let f(m) be the first derivative of m**4/2 + m**2/2 - m + 2. Is f(3) a multiple of 22?
False
Let q(g) = -2*g**3 + g**2 - 2*g - 1. Suppose -2*t + 3 = 3*m + 15, 4*t + 16 = -2*m. Let j be q(m). Suppose -5*c - i + j = 5, -2*i + 6 = 0. Is c even?
False
Suppose -j = 4*j - 5*x - 325, -2*x + 142 = 2*j. Suppose -l + j = -0*l. Is l a multiple of 15?
False
Let q be (2 - 0) + 2 + -1. Let r = -3 + q. Suppose -5*h + r*h + 110 = 0. Is 9 a factor of h?
False
Let k = 2 - 0. Suppose -2*q = 5*i - 25, k*i = 6*i - q - 20. Is 4 a factor of i?
False
Let w be 9 - 4/6*-3. Is 12 a factor of w + (-1 - 0 - -2)?
True
Suppose -2*m = -4*r + 12 + 6, -26 = -3*r + 4*m. Suppose r*o = 66 - 10. Is 12 a factor of o?
False
Let v(b) = 3*b**3 + 2*b**2 + b. Let i be v(-1). Let m(w) = -w**2 + 5*w + 6. Let j be m(5). Does 16 divide ((-75)/j - -3)*i?
False
Suppose -c + 2*n - 1 = n, -2*c - 12 = 3*n. Let s = -6 + c. Let u = 15 + s. Does 4 divide u?
False
Suppose l - 97 = 3*o, -4*l + 2*o = -212 - 186. Is 14 a factor of l?
False
Let g = -17 - -40. Is 23 a factor of g?
True
Suppose 3*k - 60 - 147 = 0. Is 23 a factor of k?
True
Suppose -n + 3*k = -59, -4*n - 6*k + 227 = -9*k. Does 7 divide n?
True
Let j(a) = a**2 + a + 1. Does 3 divide j(-2)?
True
Suppose 6 = 5*i - 9. Suppose o - 4*o = -i. Let m = 3 + o. Is 2 a factor of m?
True
Let y(v) be the third derivative of -v**4/24 - 5*v**3/3 + 2*v**2. Let a be y(-6). Is 10 a factor of 1 - -22 - (a - -2)?
False
Let t(s) = -s - 8. Let l be t(-8). Suppose l*n + 8 = 4*n. Suppose n*p - 3*y - 31 = 0, y = 2*p + 3*y - 26. Is 8 a factor of p?
False
Suppose 2*m = -0*m, -15 = -5*y - 5*m. Suppose 2*f - 55 = y*d, -5*f + 2*d - 1 + 111 = 0. Is (f/(-6))/((-3)/18) a multiple of 13?
False
Let m(f) = f - 1. Let p be m(3). Suppose 128 = 2*o + p*o. Is 8 a factor of o?
True
Suppose 0 = o - 3*o + 8, 3*l + 4*o - 25 = 0. Suppose -5*a + 2*c + 101 = l*c, 3*c = -4*a + 83. Does 11 divide a?
False
Suppose g - 3*a = a + 1, 2*g + 3*a - 57 = 0. Let n(y) = -13*y. Let v be n(-1). Let c = g - v. Is c a multiple of 3?
False
Let f = -10 + 13. Suppose 0 = o + 2*s - s - 20, -f*o + 70 = 5*s. Is 5 a factor of o?
True
Let b = 8 + 152. Is b a multiple of 20?
True
Let x(k) = 10*k + 4. Let m(o) = 3*o + 1. Let s(n) = -8*m(n) + 3*x(n). Suppose -3*i - 4*w + 13 = 0, -4*i - 2*w - 2*w = -20. Is 16 a factor of s(i)?
False
Let j(w) = -10*w - 6. Let h be -1 + -5 + (0 - -1). Is j(h) a multiple of 29?
False
Let i = 3 - 1. Let r(d) = 5*d + 3. Is 4 a factor of r(i)?
False
Suppose 2*m + l = -l, 0 = 5*m + 3*l - 6. Suppose 21 = -3*h + c, m = -2*h + 5*c + 2. Let n = h - -30. Is n a multiple of 10?
False
Suppose 0 = -2*a - 2, 2*a + 20 = 5*g + 7*a. Suppose b + 5*o = 32, 2*b - 7*o - 4 = -g*o. Is b even?
False
Let i(d) = -d + 26. Is 10 a factor of i(6)?
True
Suppose -2*u + 150 + 194 = 0. Is 14 a factor of u?
False
Let f(q) = -q**2 + 6*q. Suppose -m - 2 = -3*m. Suppose -16 = -3*r - m. Is f(r) a multiple of 5?
True
Let a(h) = h**2 - h + 4. Let q be a(5). Let t = q + -6. Is 16 a factor of t?
False
Suppose 6*j + a = j + 21, 2*j + 2 = -3*a. Does 2 divide j?
False
Let l = 77 - 33. Suppose 16*k - 14*k - l = 0. Is k a multiple of 22?
True
Suppose -13 = 3*v + 17. Let u be v/(-1 + (-1)/(-2)). Suppose 4*j + 5*n - 2*n = 105, -4*n - u = 0. Is j a multiple of 13?
False
Suppose -5*s + 156 = -s - 4*q, -122 = -3*s - 2*q. Is s a multiple of 10?
True
Suppose 5*u = 10, 5*a + 3*u = 8*u + 850. Does 43 divide a?
True
Let a = 4 - 4. Suppose 3*f = a, -c + 5*f + 16 = 3*f. Is 8 a factor of c?
True
Suppose -5*g = -0*f - 4*f - 12, 2*f = 2*g - 8. Let v = -5 - f. Suppose -2*a - 41 = -v*q, 5*q + a - 59 = 2*a. Is q a multiple of 6?
False
Let i(q) = 7*q**2 - 3. Let h(n) = n**2 - 1. Let a(d) = -6*h(d) + i(d). Is a(3) a multiple of 6?
True
Suppose -4*s - 4*f = -9*s + 106, 0 = 3*s - 2*f - 62. Does 18 divide s?
True
Suppose 0 = -4*s - 11 - 9. Suppose 3*d = -15, 3*d - 25 = 5*f - 3*f. Let g = s - f. Does 14 divide g?
False
Let w(j) = -j**2 + 5*j + 5. Let n = 11 - 6. Let f be w(n). Suppose -4*d = -d - 5*m - 57, -5*d = f*m - 135. Is 13 a factor of d?
False
Suppose 4*n + 74 - 298 = 0. Is 14 a factor of n?
True
Suppose -15 = -i + u, u + 8 = 13. Does 10 divide i?
True
Let w(j) be the first derivative of -3/2*j**2 - 3*j - 4. Is 7 a factor of w(-8)?
True
Suppose 31 = 4*s - 5*q, -q = 4*s - 2*q - 19. Suppose 4*h - 159 = a, 3*h - s*a - 60 - 56 = 0. Suppose -4*m + 80 = -i, -2*m - 2*i + h = -i. Does 11 divide m?
False
Let p(q) = -q**2 - 11*q - 6. Let a be p(-10). Does 6 divide 910/77 + a/22?
True
Let i be -2*(0 + (-37)/2). Let s = -19 + i. Is 9 a factor of s?
True
Suppose -5*n - 16 = -46. Let b = -4 + n. Suppose -5*o + 55 = -b*y, 2*y = -0*o - 4*o + 44. Does 6 divide o?
False
Let o(j) = -8*j + 8 - 5 + 10 + j**2 + 0*j**2. Is 22 a factor of o(9)?
True
Let l = -15 + 35. Does 15 divide l?
False
Let n = -25 - -52. Suppose -4*j + n + 1 = 0. Let i(v) = 7*v - 6. Is i(j) a multiple of 20?
False
Let v(w) = w**3 + 10*w**2 + 8. Let l = -18 - -8. Is 4 a factor of v(l)?
True
Let y(h) = 3*h**2 - h**2 - h + 2*h**2. Let x be y(-3). Suppose -x = -m + 7. Is 16 a factor of m?
False
Let z = 10 + -7. Suppose -3 = -z*v - 6. Does 18 divide (-9)/((-12)/9 - v)?
False
Let z = 58 + 33. Is z a multiple of 22?
False
Let w(i) = 4*i**2 - 7*i - 3. Is 8 a factor of w(3)?
False
Suppose 5*n + 29 = -4*w, 0 = -3*n - 0*w - 4*w - 19. Let t(g) be the first derivative of g**2/2 + 12*g + 26. Does 2 divide t(n)?
False
Suppose 5*x = 3*x. Let y be 3/(-6)*10/(-1). Suppose x*a + 15 = y*a. Does 2 divide a?
False
Let p(t) = 5*t**2 - 3*t - 4. Let j be p(-5). Let s = 208 - j. Is s a multiple of 24?
True
Let w(v) = -10*v**3 - 3*v**2 + 2*v - 1. Let r be w(-3). Does 13 divide (-11)/33 + r/6?
True
Let w = 11 + -11. Suppose 3*y - 5*y + 48 = w. Does 5 divide y?
False
Let c = 44 + -9. Suppose c - 1 = 2*p. Is p a multiple of 7?
False
Let l = 27 - -9. Does 12 divide l?
True
Let r(d) = -d + 1. Let o be r(-2). Let f = o - -5. Suppose t = 22 + f. Does 15 divide t?
True
Is 7/((-10)/(-12)*(-2)/(-5)) a multiple of 7?
True
Let n = -14 + 102. Does 8 divide n?
True
Suppose 2*g + 3 = -3, -3*a - 3*g = 6. Let u be (a + -2)/(3/(-18)). Suppose 4 = 2*n - u. Is n a multiple of 5?
True
Let i(a) = 20*a**3 - a**2 - a + 2. Let s(q) = q - 3. Let l be s(4). Is i(l) a multiple of 9?
False
Is (-2)/4*8 + 12 a multiple of 8?
True
Let l be -1 + 1/(-1) - 42. Let x = 80 + l. Is 12 a factor of x?
True
Let r(b) = -37*b + 3. Is r(-2) a multiple of 17?
False
Is 13 a factor of (-81)/(-9)*(23 + -2)?
False
Let s be -1 + (-1 - -4)*1. Suppose 0*a + 5*a = 20. Suppose -5*y + 65 = 5*o, y + s = a*o - 30. Is o a multiple of 9?
True
Let m(x) = -x**3 - 6*x**2 + 6*x - 4. Let v be m(-7). Suppose -v*r - 23 = -149. Let h = r - 6. Is h a multiple of 18?
True
Let y be 1/(-5) - (-72)/(-15). Let z be 25/(-3) + y/(-15). Let i(x) = x**2 + 5*x - 10. Is 7 a factor of i(z)?
True
Suppose -2*r + 10 = -4*r - 5*s, -5*s = -5*r - 25. Is 9 a factor of (1 - r)/3 + 21?
False
Let g(t) = t**2 - 2*t + 2. Let c be g(3). Suppose -3*h + 5*n = n - 223, 142 = 2*h - 4*n. Suppose h = -c*s + 256. Is s a multiple of 13?
False
Let r(m) be the second derivative of -m**4/12 - 4*m**3/3 + 3*m**2 + 2*m. Let v(q) = -q + 1. Let s be v(7). Is 10 a factor of r(s)?
False
Suppose 3*m + 2*k + 14 = -23, -2*m - 24 = k. Suppose 3 - 21 = -3*n. Let v = n - m. Does 12 divide v?
False
Let u = 121 - 71. Is u a multiple of 10?
True
Let k(m) = 3*m**2 + m. Let z be k(-1). Let b(d) = -3 - 4 - 2*d**2 - d**3 + 9*d**2 + z*d**3. Is 20 a factor of b(-6)?
False
Does 13 divide (-3)/12*0 - 0 - -91?
True
Let n(j) = -2*j**2 + 2*j + 2. Let b be n(4). Let w = 41 + b. Let s = w + 5. Is 10 a factor of s?
False
Let f = -3 - -1. Is 2/(-6)*(-32 - f) a multiple of 5?
True
Let x = -6 + 16. Suppose 4*u = -2*q + x + 48, 4*u - 3*q - 63 = 0. Is 15 a factor of u?
True
Suppose -2*n + 3 = n, 0 = 3*s